= 2*c(o) - 3*y(o). What are the prime factors of l(7)?
3, 557
Suppose -7*c + 354 = -129. Suppose -2*a + 5*a = c. Let s = a - 20. List the prime factors of s.
3
Let o be (-8)/(-10)*(-20)/(-8) - 0. Suppose 0 = 2*z - 6, c - o*z = -z + 2. Suppose -167 = -h - c*f, 5*h = -5*f + 63 + 692. List the prime factors of h.
3, 7
Let l = -3974 - -4119. Suppose 5*b - 2*t - 1026 = 0, 0*b - 3*t + 212 = b. Let u = b - l. List the prime factors of u.
61
Let p(f) = 635*f**2 - 37*f + 92. What are the prime factors of p(4)?
2, 3, 421
Let h be (-1)/(((-1)/309)/(70/42)). Suppose 5*z = -2*b + 339, 3*b - 6*b - z = -h. List the prime factors of b.
2, 43
Let q(y) = 43*y**3 + y**2 - y - 1. Let i be q(-1). Let c = 51 + i. List the prime factors of (-3)/(c/(-282)) + 4.
2, 7
Suppose 13*s - 14031 = -3*z + 9*s, 4709 = z - 4*s. List the prime factors of z.
5, 937
Let o = 38 - 102. Let b be ((-48)/o)/(6/2264). Suppose m - b = -0*m. List the prime factors of m.
283
Suppose -531531 - 60903 = -280*b + 262*b. What are the prime factors of b?
3, 23, 53
What are the prime factors of (-12)/(-420)*-14 + (-128961)/(-15)?
8597
What are the prime factors of 5 - (-4395 - 32/(-17 - -9))?
2, 7, 157
Let c(n) = 508*n**2 + 164*n + 1282. What are the prime factors of c(-8)?
2, 109, 149
Let r = -416 - -410. What are the prime factors of ((-16653)/(-117))/((-2)/r)?
7, 61
Suppose -4*k + 2*y + 4 = 0, -5*y - 25 = -2*k - 7. Let c = 9 - 4. What are the prime factors of 1710/50 + 9/c + k?
5, 7
Let h be 415 - (4/(-6))/((-4)/12). Let x = h + -92. What are the prime factors of x?
3, 107
What are the prime factors of (2845485/(-555))/((-4)/(56/6))?
7, 1709
Suppose r - 35*f = -38*f + 12892, 3*f = -4*r + 51586. List the prime factors of r.
2, 6449
Let q(l) = -451*l**2 - 9*l + 7. Let i be q(1). What are the prime factors of 2 - ((-5 - (-1 + -3)) + i)?
2, 3, 19
Let j(u) = 2*u**2 + 11*u - 4. Let p be j(-6). Let m be (1 + p/1)*4/12. What are the prime factors of 40/(m/((-2)/(-1)))?
2, 5
Suppose 0 = 5*y - 2581 - 604. Suppose 56*h + 57362 + 16414 = -118*h. Let c = y + h. What are the prime factors of c?
3, 71
Suppose -31*l - 215940 = 16*l - 1040508. What are the prime factors of l?
2, 3, 17, 43
Let f(s) be the first derivative of -15*s**2/2 + 489*s + 185. List the prime factors of f(0).
3, 163
Let s(c) = 25*c - 49. Let j be s(24). Suppose 0 = -6*f + j + 1411. List the prime factors of f.
3, 109
Let o be 9/(-9) + 4*1. Let k be (-1220)/o*(3 + 9/(-2)). Suppose v = -0*t - 5*t + 142, 5*t = -5*v + k. List the prime factors of v.
3, 13
Let y(o) = -18*o + 428. Let f be y(24). Let p(j) = j**2 + 7*j + 9. Let k(u) = -3*u**2 - 21*u - 28. Let q(t) = -2*k(t) - 7*p(t). List the prime factors of q(f).
5
Let g = -10359 - -25260. What are the prime factors of g?
3, 4967
Let u = 2513 + -1468. List the prime factors of u/3 + (-10)/(-15).
349
Suppose a - 4564 = 6*a + 3*c, -4*c - 2734 = 3*a. Let n = 1634 + a. What are the prime factors of n?
2, 3, 5
Suppose -213*w + 104*w - 5688 = -117*w. Suppose 5*g = 3*g - 2. List the prime factors of (g/(-3))/(1 - 708/w).
79
Let f = 17905 + -9282. List the prime factors of f.
8623
Let u be ((-12)/18)/((-6)/27). Suppose 8*p - 5*l - 15 = u*p, 5*p - 23 = l. Let j(y) = 6*y**2 + 3*y - 14. List the prime factors of j(p).
151
Suppose 7 = 4*h - 5*h. Let s(f) = 6*f**2 + 5*f + 10. List the prime factors of s(h).
269
List the prime factors of 71/426 + (-85100)/48*(-102)/15.
2, 11, 137
What are the prime factors of (12130 - -11) + 4 + 0 - (1 + -7)?
29, 419
Let q = -11944 + 24740. What are the prime factors of q?
2, 7, 457
Let f be 15/5 + 2 + 0. Suppose 0 = 2*v - f*i + i - 76, -v - 4*i = -38. Suppose 0 = v*o - 37*o - 116. List the prime factors of o.
2, 29
Let v(g) = -553*g - 213. What are the prime factors of v(-9)?
2, 3, 397
Suppose -10*t + 1534 = -9656. Let i = t + -579. List the prime factors of i.
2, 3, 5
Let f(m) = m**3 + 6*m**2 + 4*m + 9. Let y be f(-5). Let x be y/14*0/(-2). Suppose x = -7*a + a + 456. What are the prime factors of a?
2, 19
Let o = 9 + 0. Suppose -5239 = -o*s - 4*s. What are the prime factors of s?
13, 31
Let w = -3958 - -5685. Let o = w - 1181. What are the prime factors of o?
2, 3, 7, 13
Let s(a) = 355*a**2 + 1. Let z be s(-1). Let u be z*((-36)/8 + 5). Suppose -u = -2*n + 4*r, 473 = 5*n - r - 2*r. List the prime factors of n.
97
Suppose -39*b - 707011 - 1299397 = -73*b. What are the prime factors of b?
2, 14753
Let l(v) = 342*v**2 + 124 - 10*v - 4*v - v - 338*v**2. List the prime factors of l(7).
5, 43
Suppose 0 = -5*a - 2*t + 61290, -3*a + 645*t - 641*t + 36748 = 0. What are the prime factors of a?
2, 383
Let k be -4 - (-15 + 4) - -1. Let g(f) = -f**2 + 7*f + 12. Let i be g(k). Suppose -i*z + 7*z = 87. What are the prime factors of z?
29
Let u be 14/7*15/(-2). Let a = 15 - u. Let x = 138 - a. List the prime factors of x.
2, 3
Let m = 62 + -63. Let q be (0 - m)/(3/(-111)). What are the prime factors of (0 + -1)*-37 - (q - -34)?
2, 5
Suppose 0 = 8*i - 22 + 6. Suppose 5*l - 32 = y - 4*y, 4 = -y + i*l. Suppose y*a - 874 = -5*j, 4*j = 4*a + 844 - 152. What are the prime factors of j?
2, 3, 29
Let i(x) = 7*x**2 + 4*x**2 + 8*x**2 - 8 + 23*x - 18*x**2. Let r be i(-23). Let p(w) = -8*w + 43. What are the prime factors of p(r)?
107
Let s(f) = -5*f**3 - 2*f**2 + 1. Let t be s(-1). Suppose 0 = 4*i - u - 81 - 95, -213 = -5*i + 3*u. Suppose 0 = -t*y + i + 15. List the prime factors of y.
3, 5
Suppose 0 = 2*k - 4, 5*w - k - 48470 + 5057 = 0. List the prime factors of w.
19, 457
Let n be 0/(3 + 0) - -2292. Suppose -700 = -11*t + n. Suppose -t - 796 = -4*z. List the prime factors of z.
3, 89
Let q(r) = 376*r**2 + 162*r - 1300. What are the prime factors of q(8)?
2, 3, 5, 401
Suppose -17*i - 18500 = -222024. List the prime factors of i.
2, 41, 73
Suppose 0 = 5*j + 104*j + 259129 - 1673295. List the prime factors of j.
2, 13, 499
Let s = 4665 + -3788. What are the prime factors of s?
877
Let q = 183 - 178. Suppose -11*l = -q*l - 438. List the prime factors of l.
73
Let x(h) = h**2 + 7*h + 9. Let y be x(-4). Let q be y/(-2*(-3)/(-60)). Let n = q + 9. What are the prime factors of n?
3, 13
Suppose 3*t - 178 = -2*o, 4*o - 4*t = -0*t + 376. Suppose 3*r + 5*s = o + 54, -2*s = -4*r + 160. List the prime factors of r.
2, 3, 7
Let z = 40 + -43. Let o be 4/((-3)/z) + -2. What are the prime factors of (o - 12/2)/((-22)/407)?
2, 37
Let t be 2/(-7) - (-32556)/21. Suppose -3*b + t + 463 = 0. List the prime factors of b.
11, 61
Suppose 5*c - 6*u - 11 = -2*u, -3*u + 18 = 5*c. Suppose -3*d = 5*o - 3216, -4*d + 1178 + 745 = c*o. List the prime factors of o.
3, 5, 43
Suppose 4*h = -2*o + 154, 5*h = 4*o - 5*o + 197. Suppose -3*x - 4*l = -38, 6*l - 4*l = -3*x + h. List the prime factors of 180/x*(-49)/(-7).
2, 3, 5
Let x = -584 + 598. List the prime factors of ((-12)/x)/(-3) + 415737/441.
23, 41
Let s(l) = 3*l**2 - 7*l - 1. Let b be s(3). List the prime factors of 1/(2/7460*b).
2, 373
List the prime factors of 9 + 913/(-99) - 621166/(-18).
3, 11503
Let f(l) = -3*l**2 - 62. Let g(z) = -10*z**2 - 186. Let k(q) = -7*f(q) + 2*g(q). Let n = 21 + -21. List the prime factors of k(n).
2, 31
Let b be 2337/6 - (-6)/4. Let n = 592 - b. What are the prime factors of n?
3, 67
Let u = 3 + 0. Suppose 0*g + 4*s = u*g - 1, -5*g = 5*s - 25. Suppose -5*d + 324 = -g*d. What are the prime factors of d?
2, 3
Let f = 33621 - -11483. What are the prime factors of f?
2, 2819
Suppose 758016 = 33*k + 68*k - 29*k. List the prime factors of k.
2, 7, 47
Let h(c) = 947*c - 821. List the prime factors of h(10).
3, 31
Suppose -53*o = -50*o - 2*w - 178006, -118656 = -2*o + 5*w. List the prime factors of o.
2, 29669
Let c be 165/(-3) + (9 - 2 - 2). What are the prime factors of ((-4164)/15)/(20/c)?
2, 347
Suppose -3*q - 5*u = 8 - 5, -4 = 2*q + 4*u. Let f(m) = 4*m**3 + 8*m**2 - 12*m - 2. What are the prime factors of f(q)?
2, 167
Suppose -137 - 151 = 2*w. Let y = 923 + w. List the prime factors of y.
19, 41
Let u be 1*(0 + 2)/4*-1478. Let h = u + 1252. What are the prime factors of h?
3, 19
Suppose 15*a = -5*a + 10840. Suppose h + 119 = a. What are the prime factors of h?
3, 47
Let p(n) = n**2 - 20*n + 6. Let q be p(20). Let v(a) = -121 - 2*a**3 - a + 7*a**2 + 123 + a**3. What are the prime factors of v(q)?
2
Suppose -2*b - b - z + 5414 = 0, 5*z = b - 179